f j?
5
Suppose 5*j - 2*j - 9 = k, -5*j + 3*k + 11 = 0. Let m be ((-5)/(15/194))/(j/(-6)). Suppose 0 = s - a - m, -2*s + 5*a - 275 = -5*s. What is the tens digit of s?
9
Let a be 16/(-12)*(-4)/8*3. What is the units digit of 1602/6 - (3 + a)?
2
Let a(g) = 604*g - 2799. What is the hundreds digit of a(40)?
3
Suppose -4202 = 86*w - 87*w + 3*a, 2*w - 8459 = -5*a. What is the hundreds digit of w?
2
What is the hundreds digit of 46626/10 + 674/1685?
6
Let b = 17363 - 10157. What is the hundreds digit of b?
2
Let i(r) = 4846*r - 380. What is the thousands digit of i(1)?
4
Let c be 21 - ((3 - -4) + -2 + -3). Suppose 4*a + 14 = -2*m, -4*a - c = -2*m - m. What is the units digit of 2 - (-30)/(3 - m)?
7
Let x = 1973 + -1395. Let d = 1472 - x. What is the hundreds digit of d?
8
Let m be 1879/11 + (-4 - (-322)/77). Let n = 307 - m. What is the hundreds digit of n?
1
Let c(h) = 14*h**2 - 4*h + 64. Let l be c(-8). Let s = l - 407. What is the units digit of s?
5
Suppose n - 6 = -5*n. What is the tens digit of ((-4 + n)/(-3))/(6/906)?
5
Let j(m) = -84*m + 157. Let y be j(6). Let g = y + 563. What is the hundreds digit of g?
2
Suppose 123*n - 1490608 = 67*n. What is the thousands digit of n?
6
Let o = 31732 - 7116. What is the units digit of o?
6
Let p be (-1)/((-30)/(-8) + -4). Suppose -2*o = i - 401, -4*i - 778 = -6*i + p*o. What is the hundreds digit of i?
3
Suppose 0 = -5*a + 743 + 17. Let x = 626 - a. What is the units digit of x?
4
Suppose 0 = 7*o - 1637 - 4187. What is the units digit of 1 + (-22)/26 - (-147136)/o?
7
What is the tens digit of 1/((14/(-49))/2) - -7418?
1
Let d = -6309 - -10841. What is the units digit of d?
2
Suppose -3*w - p + 110251 = 0, -36*p = -31*p - 35. What is the thousands digit of w?
6
Let v(g) = g**3 + 3*g**2 - 22*g + 1. Suppose 4*m + 2*a + 4 = -0*a, 5*m + a = -11. Let f be 6/((m - (-6)/3)/1). What is the units digit of v(f)?
5
Let o = 562 - 523. Let m = 1247 + o. What is the hundreds digit of m?
2
Suppose 0 = -s + 6*s + 3*x + 69, -39 = 4*s - 3*x. What is the tens digit of (-1674)/(-45)*(-80)/s?
4
Let u(h) = -14*h**3 - 3*h**2 - 14*h - 5. Let k be u(-2). Let t = 337 + k. What is the units digit of t?
0
Let w = 63 + -68. Let u = w + 320. What is the units digit of u?
5
Let g = 77 - 113. Let f = g - -41. Suppose f*t = 2*t + 111. What is the units digit of t?
7
Let r = 245 - 245. Suppose -5*v + 3632 - 712 = r. What is the hundreds digit of v?
5
Suppose -12*d - 5391 = -15*d. Suppose -d = 10*m + 323. Let s = -16 - m. What is the units digit of s?
6
Suppose -q + 3*m = -2158, -2*m + 2168 = 25*q - 24*q. What is the hundreds digit of q?
1
What is the units digit of (2073/12)/((-1731)/(-144) + -12)?
2
Let s = -22585 - -50199. What is the hundreds digit of s?
6
Suppose 4*n - 3 = 2*h + 3, 2*n - 6 = -2*h. Suppose -4*b + 2179 = -3*z, 0 = -n*z + 19 - 13. What is the tens digit of b?
4
Let w be ((-36)/(-27))/((-2)/3). Let n be (-1 + -2)/(w - (-386)/194). Let z = -181 + n. What is the units digit of z?
0
Let r be (52/8 - 6)/(2/(-8)). Let o(l) = -24*l - 24. What is the tens digit of o(r)?
2
What is the tens digit of (184/(-23) - 17/(-2))*1084*1?
4
Let l(v) = -2959*v - 11699. What is the hundreds digit of l(-14)?
7
Let v(p) = -3*p - 24. Let y be v(-14). Suppose -c - y = -2*s + 7, 3*c + 50 = s. Let i(f) = -f - 13. What is the units digit of i(c)?
2
Suppose 5*s - 10 = 0, 0 = 2*t - s - 0 - 62. What is the units digit of (t/38)/8 + 8035/19?
3
Let d(g) = 970*g**2 - 71*g + 68. What is the tens digit of d(5)?
6
Let p(v) = -13966*v**3 - 2*v**2 - 24*v - 23. What is the hundreds digit of p(-1)?
9
Let o be (-144)/20*6/(-24)*50. Suppose 12*t - 4350 = -o. What is the units digit of t?
5
What is the ten thousands digit of -7 + 3835870/70 + (2 - (-30)/(-14))?
5
Let y(w) = -w**2 - 107*w - 387. What is the thousands digit of y(-60)?
2
Let n = 221 - -2451. What is the thousands digit of n?
2
Let k = 8081 - 4412. What is the hundreds digit of k?
6
Let i(x) = 3*x - 22. Let t be i(10). Suppose -8*u + 4*u - t = 0, 3*u = -m + 306. What is the tens digit of m?
1
Let g be 2/(-24) + 36934/1416. Let n be (-4 + 4)/((-2)/2). Suppose 2*b - 404 - g = n. What is the tens digit of b?
1
What is the units digit of (97084/16 - 1) + 8/64*10?
8
Let x = -51 - -55. Suppose 0*n + 2*n + x*c = 366, 3*n + 2*c = 529. What is the tens digit of n?
7
Let i = 671 + -4891. What is the units digit of ((-6)/4)/(15/i)?
2
Let k be (-72)/((-186)/(-26) - 7). What is the hundreds digit of (6 - k)/((-9)/(-12))?
6
Suppose a + 423*d = 420*d + 37847, -3*a + d + 113501 = 0. What is the hundreds digit of a?
8
Let l be 3/((-3)/4) + -10. Let n = -100 - l. Let a = n + 165. What is the tens digit of a?
7
Let a(x) = -12312*x - 578. What is the tens digit of a(-1)?
3
Let x(g) = 2*g**2 - 16*g + 13. Let s be x(7). What is the units digit of ((-90)/54)/(s/54)?
0
Suppose -11*x + 169*x = -67*x + 2599650. What is the thousands digit of x?
1
Let k = -3238 - -9820. What is the tens digit of k?
8
Let d(f) = -134*f + 2979. What is the hundreds digit of d(-34)?
5
Suppose 5*n + 15 = -0*n. Let p be -26 + 29 - n/((-6)/(-116)). Suppose -59*b = -p*b + 46. What is the units digit of b?
3
Let i = 9410 - 6252. What is the hundreds digit of i?
1
Let r = -215 - -218. Let g be (-48)/(-5) + 2/5. Suppose -g = -p - r. What is the units digit of p?
7
Suppose 6*v - 11*v + 38790 = 5*a, -3*v = 5*a - 23280. What is the units digit of v?
5
Let x be (2 + 9710/(-15))*12/(-4). Suppose 3*r - x = -2*i, 1843 = 4*i - 3*r - 2065. What is the tens digit of i?
7
Let a(q) = -35*q - 45. Let h(t) = -9*t - 11. Let n(u) = 6*a(u) - 22*h(u). Let g be n(-7). Let x = g + -1. What is the units digit of x?
5
Let l(s) = 43*s**2 - 18*s + 249. What is the thousands digit of l(10)?
4
Let k(c) = 4*c + 2*c - 14 + 4*c. Let n = 2651 - 2646. What is the units digit of k(n)?
6
Let q be 3090/45 - (-12)/9. Suppose -554 - q = -8*s. What is the tens digit of s?
7
Suppose 144 = o + 5*v, 28*o + 5*v + 303 = 30*o. What is the units digit of o + (-6 - (-2 - 3))?
8
Let l = 10961 + -5316. What is the thousands digit of l?
5
Let q = -2 + 4. Suppose 17 = -q*o + 7*o + 4*f, 5*o + f = 23. Suppose -289 = o*p - 799. What is the units digit of p?
2
Suppose u = -0 + 5. Let r be -2 - (10/u - 4). Suppose r = -5*i - 310 + 950. What is the hundreds digit of i?
1
Let d be -1*-7*(-7 + 6). What is the units digit of -1*(d - -35)*2/(-8)?
7
What is the thousands digit of 2/(-12) - 4007121/(-306)?
3
Let w be ((-2)/(-1))/(1/35). What is the hundreds digit of (8876/w)/(1/5)?
6
Let t be (-911124)/(-360) + 1/10. Let j = t + -1603. What is the tens digit of j?
2
Suppose 5*u - j - 13298 - 19793 = 0, -3*u + 3*j + 19845 = 0. What is the units digit of u?
9
Suppose -q + 12 = -2*q - 4*j, 6 = 5*q - 2*j. Suppose q = -4*d - s - 455 + 62, -2*d + 4*s - 210 = 0. Let r = -68 - d. What is the units digit of r?
1
Suppose o - 4*f + 2*f = 5, -3*f + 15 = 0. Suppose o + 597 = j + q, 3*j - 1834 = -4*q. What is the hundreds digit of j?
6
What is the hundreds digit of (12/(-8))/((-20)/55240)?
1
Let q = 517 - 347. Let h = 287 - q. What is the tens digit of h?
1
Suppose -81*z + 124408 = -187442. What is the thousands digit of z?
3
Suppose -124 = g - 126. Suppose 2*o = o + 46. Suppose -m - g = -o. What is the units digit of m?
4
Let o = 2235 - -4576. What is the hundreds digit of o?
8
Suppose -747*l - 30 = -752*l, 44796 = 4*i - 4*l. What is the thousands digit of i?
1
Suppose k + 2*v = 5003, -5*v = -k - 432 + 5449. What is the hundreds digit of k?
0
Let a(n) = n**2 - 67*n + 1527. What is the thousands digit of a(87)?
3
Let d = 1562 - 1648. Let n = -469 + 308. Let k = d - n. What is the tens digit of k?
7
What is the units digit of 1554 + (((-10)/15)/((-3)/18) - 9)?
9
Let n(u) = -u**2 - 5*u + 19. Let x be n(-7). Suppose 3*w - x*c = 522, -4*c + 73 + 297 = 2*w. What is the tens digit of w?
7
Let f = 16 + -22. Let c(r) = -3*r**3 + 7*r**2 + 24*r + 1. What is the tens digit of c(f)?
5
Suppose -3*z - 17 = j, -6*j + 2 = -2*j - 2*z. What is the units digit of 3658/4 - (-1)/j?
4
Suppose -19*y = -6112 - 6238. What is the hundreds digit of 3 + (4/26 - (-122100)/y)?
1
Suppose -2*d = 4*x - 126, -2*x + 24 = -x - 2*d. What is the hundreds digit of 20/x - (-6366)/9?
7
Let h(o) = -5*o + 40. Suppose 0 = -4*q + 20, q - 6 = 2*d + 21. What is the uni